 9 = 0, 4*c - 2*y = 30. Calculate the remainder when c is divided by (-1)/9*2 + z/81.
2
Let x(o) = o**3 + 6*o**2 + 7*o + 1. Let v be x(-5). Let d = -14 - v. Calculate the remainder when 32 is divided by 3/d + 352/20.
15
Let y(k) = k**2 - 3*k - 1. Let s be y(0). Let v be (0 - s)/(-2)*10. Let r = v + 22. Calculate the remainder when r is divided by 5.
2
Let a(l) = 6*l**2 + 11*l + 7. Let i(z) = -z**2 + 4*z + 1. Let d be i(5). Calculate the remainder when a(d) is divided by 15.
14
Suppose 5*l - 26 = -11. Suppose -l*t - 21 = -5*x + 10, 3*t = -x + 17. Suppose g + 28 = 3*g. Calculate the remainder when g is divided by x.
6
Suppose -3*v + 779 = -z, 17*v - 4*z - 1296 = 12*v. What is the remainder when v is divided by 38?
32
Let r = -260 - -288. What is the remainder when r is divided by ((-15)/(-9))/((-2)/(-6))?
3
Suppose 2*x + 5*w = 33, -3*w + 6 = -9. What is the remainder when (102/(-85))/(1*(-6)/20) is divided by x?
0
Let t = 4 + 49. Suppose 5*b + g + 11 = 6*b, 2*b + 4*g = 4. Let o = t - b. What is the remainder when o is divided by 12?
9
Suppose 2*d - 32 = d. Let x = -152 + 155. What is the remainder when d is divided by x/((-2)/(-9 - 3))?
14
Let x = -283 - -290. What is the remainder when 20 is divided by x?
6
Suppose 7*u + 2*u = -36. Let k = u - -19. What is the remainder when 59 is divided by k?
14
What is the remainder when (14/5 + (-40 - -38))*370 is divided by 102?
92
Suppose -1000 = -58*u + 18*u. Calculate the remainder when u is divided by 16.
9
Suppose 5*r + 3*v = 6 + 5, -5*r + 7 = v. Let c(l) = 8*l - 3. What is the remainder when c(6) is divided by 23 - (r + 2 - 3)?
22
Calculate the remainder when (-1088)/(-6)*(1 - (2 - 4)) is divided by 39.
37
Let v(d) = d**3 - 7*d**2 - d + 9. Calculate the remainder when (-33)/(-6)*(-1176)/(-539) is divided by v(7).
0
Let j = 136 - 80. Let k(d) = 3*d + 46. Calculate the remainder when j is divided by k(-9).
18
Suppose 3*q = 9*j - 4*j + 410, -5*j + 370 = 3*q. Calculate the remainder when q is divided by 15.
10
Let j = 0 - -8. Let w = -111 + 153. Let z = 47 - w. Calculate the remainder when j is divided by z.
3
Let d(t) = 9*t - 128. What is the remainder when 61 is divided by d(16)?
13
Suppose 3*c - 4*d - 85 = 0, 5*c + d = -10 + 121. What is the remainder when c is divided by 232/145 - 160/(-25)?
7
Suppose 70 = 3*o - 236. Suppose -y - 5*y = -o. What is the remainder when 50 is divided by y?
16
Suppose -21*r - 130 = -26*r. What is the remainder when 595 is divided by r?
23
Calculate the remainder when 81 is divided by ((-330)/21 + 8)/((-9)/42).
9
What is the remainder when 2 + 3 - (-5 + 1 - 1) is divided by 9?
1
Let v(y) = y**3 - 5*y**2 - 19*y - 7. Calculate the remainder when v(9) is divided by 40.
26
Let i = 268 + -219. Calculate the remainder when i is divided by 17.
15
Let h = -1109 - -1410. Calculate the remainder when h is divided by 62.
53
Let x = -142 + 225. Suppose 4*f = -3*r + 34, -2*r - 4*f + 32 = -6*f. Calculate the remainder when x is divided by r.
13
Let w(q) = 4*q + 5 - 18 + 10. What is the remainder when 59 is divided by w(6)?
17
Let l(z) = -14*z + 49. Let m = -40 - -94. Calculate the remainder when m is divided by l(3).
5
Suppose -d - 2*r + 47 = 2*r, r - 5 = 0. Let s(x) = -9*x**3 + 5*x**2 - 8*x + 6. Let l be s(2). Let p = l - -72. What is the remainder when d is divided by p?
7
Suppose -5*w + 16*f = 17*f - 110, 3*w - 4*f = 43. What is the remainder when 50 is divided by w?
8
What is the remainder when (254/10)/((-14)/700*-10) is divided by 13?
10
Suppose -10*c = -4*c - 288. Calculate the remainder when c is divided by 4.
0
Calculate the remainder when 112 is divided by 26/((-36)/(-90) - (-3)/30).
8
Suppose -12 = -s + 4. Let r(w) = -4*w - 3. Let c be r(-3). Suppose c*p - 108 - 162 = 0. Calculate the remainder when p is divided by s.
14
Let b(u) = -6*u - 15. Let v be b(-6). Let f = v + -6. What is the remainder when f is divided by 6?
3
Let y = -3 - -7. Let a = 0 + 6. Suppose y*p = a*p - 14. What is the remainder when p is divided by 4?
3
Let v(k) be the second derivative of -k**4/6 + 17*k**3/3 + 10*k**2 + 26*k. What is the remainder when v(17) is divided by 12?
8
Suppose -58*n + 1364 = 4*n. Suppose 0*r = -3*r + 2*j + 119, -5*r + 2*j + 205 = 0. What is the remainder when r is divided by n?
21
Suppose -7*v + 45 = -2*v. Let h = 1797 - 1793. Calculate the remainder when v is divided by h.
1
Let b(s) = -13*s + 29. Let j(t) = -10*t - 4. Let m be j(-8). Suppose 3*g - y - y - 83 = 0, -3*g = 5*y - m. What is the remainder when b(-6) is divided by g?
26
Suppose v + 2*v + 67 = n, -3*n + 159 = 5*v. Let u = 8 + n. What is the remainder when u is divided by 35?
31
Suppose -204 = -4*h - q, -5*h + 151 = -2*q - 117. What is the remainder when h is divided by 256/14 - (-10)/(-35)?
16
Let o(p) = p**2 - 5*p - 7. Let g(s) be the first derivative of s**4/4 - 2*s**3 + 7*s - 11. Let z be g(6). What is the remainder when 39 is divided by o(z)?
4
Let d(l) = -2*l - 5. Let v(w) = -w**2 + 7*w + 4. Let f be v(8). Let q = 2 - f. What is the remainder when d(-10) is divided by q?
3
Let q(n) = 3*n**2 + 72*n - 36. Let a = 11 + -1. Calculate the remainder when q(-25) is divided by a.
9
Suppose 0*f = 4*f + 156. Let c = 78 + f. What is the remainder when c is divided by 14?
11
Suppose 0 = 2*v + 5*d - 92, 0 = -4*v + d - 3*d + 200. Suppose 2*p + 3*w + 2 - 34 = 0, w = 2. What is the remainder when v is divided by p?
12
Suppose 31 = -z + 35. Suppose -z - 76 = -4*f. Calculate the remainder when 22 is divided by f.
2
Let t be (-5)/2*4/(-5). Suppose 4*w = -3*u + 5, -4*w - 2*u + t + 8 = 0. Suppose s = -2*s + 24. What is the remainder when s is divided by w?
3
Let r = -11 + 26. Let p(t) = -t**2 - 54*t - 475. Calculate the remainder when p(-12) is divided by r.
14
Suppose 19068 = 5*o + 37*o. Calculate the remainder when o is divided by 76.
74
Let z = 90 + -88. Suppose -9 = -3*f - 0*f. Suppose 0*d - 6 = -f*d. Calculate the remainder when d is divided by z.
0
Suppose -203 = -18*x + 337. What is the remainder when x is divided by 7?
2
Let w(y) = 16*y - 2 + 3 - 6*y. Let s = -3 + 20. Calculate the remainder when w(3) is divided by s.
14
Calculate the remainder when ((118728/27)/(-34))/((-2)/3) is divided by 10.
4
Let g(v) = -v - 1. Let o = 121 - 115. Calculate the remainder when g(-11) is divided by o.
4
Suppose -108 = -4*k - 5*q + 384, -4*q = 3*k - 369. Let z(j) = j**3 - 3*j**2 + 5. Calculate the remainder when k is divided by z(4).
18
Calculate the remainder when 320 is divided by 480/21 - 14/(-98).
21
Suppose -17*w = -12*w - 200. Let k = 4 - 3. Let u(z) = 13*z**3 + z. What is the remainder when w is divided by u(k)?
12
Let p(h) = -160*h - 91. Calculate the remainder when p(-5) is divided by 42.
37
Suppose -c - 60 = -5*c. What is the remainder when 1*-5 - 2 - (-142 + 78) is divided by c?
12
Let i(h) = h**2 - 10*h + 35. What is the remainder when i(6) is divided by 8?
3
Suppose 297*r - 301*r + 120 = 0. Let m = -59 + 147. Calculate the remainder when m is divided by r.
28
Suppose 0 = -13*r + 4*r + 297. Let g = r + -18. What is the remainder when 27 is divided by g?
12
Suppose -4*v + 508 = -3244. Let c = v + -1386. Calculate the remainder when 53 is divided by c/48*(-6)/4.
11
Suppose -6 = -2*x + 46. Let u be 3/(0 - (-3)/(-6)). Let k(r) = -3*r - 9. Calculate the remainder when x is divided by k(u).
8
Let c(s) = 2*s + 10. Let p be c(-5). Suppose p = 3*a - 4*a. Suppose a = -j - 4*j + 340. Calculate the remainder when j is divided by 23.
22
Let s(w) = -2*w**3 + 16*w**2 - 15*w + 20. Calculate the remainder when 34 is divided by s(7).
8
Let z(p) = p**2 + 4*p + 2. Calculate the remainder when z(10) is divided by 7/(14/48) - 0.
22
Let a = 68 - 59. Calculate the remainder when a is divided by (-5)/25 - (-52)/10.
4
What is the remainder when 80 is divided by 4/80*5*36?
8
Let f(h) = -h**3 - 8*h**2 - 4*h + 9. What is the remainder when f(-8) is divided by 13?
2
Suppose 5*c + 4*q - 148 = 134, -2*c - q + 111 = 0. Let h = c + -18. Calculate the remainder when h is divided by 13.
10
Let g be 1*(-230)/(-14) + (-4)/(-7). Let w = g + 17. What is the remainder when w is divided by 6?
4
Let j = -31 + 46. Calculate the remainder when 6/j*1080/3 is divided by 29.
28
Calculate the remainder when 508 is divided by ((-17)/(-4))/(0 - (-4)/48).
49
Suppose 21*x - 17